6))/((-5)/((-225)/(-10))). Suppose 4*t = -4*c + 19 + f, 0 = t + 5*c - 14. Suppose -10*v + t*v + 120 = 0. List the prime factors of v.
2, 3, 5
What are the prime factors of (-7628170)/(-550) + (-32)/(-20)?
11, 13, 97
Suppose 0 = 3*r - n - 55665, 2*r - n - 53970 = -16859. List the prime factors of r.
2, 9277
Let w(g) = 4*g**2 - 69*g + 991. List the prime factors of w(34).
7, 467
Let q = 6308 - -1410. List the prime factors of q.
2, 17, 227
Let t(p) = 226*p**2 - 18*p - 26. What are the prime factors of t(7)?
2, 43, 127
Let x be (-1)/(-3)*(9 + -9). Suppose 1519 = 3*w - s - 757, x = -4*w - 3*s + 3039. List the prime factors of w.
3, 11, 23
Let b(n) = 140*n + 81. Suppose 102*l - 43 = -5*j + 99*l, 2*l = 2*j - 14. List the prime factors of b(j).
1201
Suppose 0 = -10*a - 33524 + 122124. Suppose 0 = 15*f + 5*f - a. List the prime factors of f.
443
List the prime factors of (9048/30 + -5)/((-11)/(-110)).
2, 1483
Let i(v) be the first derivative of 53*v**2/2 - 4*v + 3. Let k be 8 - (-276)/(-42) - (-3)/(-7). List the prime factors of i(k).
7
Suppose -9*i - 109 - 53 = 0. List the prime factors of (i/(-8))/((-27)/(-1008)).
2, 3, 7
Let x = 36507 - -19133. What are the prime factors of x?
2, 5, 13, 107
Suppose 0 = 8*u - 12*u - 176. Let l = 50 + u. Suppose 3*d + 3*y - 63 = 0, -l*y = -y - 15. List the prime factors of d.
2, 3
Let l(h) = 13*h**3 + 103*h**2 - 1047*h - 12. What are the prime factors of l(10)?
2, 13, 17, 29
Let q(z) = -z**3 - z**2 - z - 1. Let p(x) = 2*x**3 - 25*x**2 + 16*x + 24. Let b(v) = -p(v) - 4*q(v). List the prime factors of b(-13).
643
Let j = -9677 + 14323. List the prime factors of j.
2, 23, 101
Suppose 0 = 2*w - 0*w - 96. Let c = w + 286. Suppose -c = -5*l - 3*o, 2*l + 5*o - 210 = -l. What are the prime factors of l?
5, 13
What are the prime factors of (((-384)/(-36))/8)/((-6)/(-7983))?
2, 887
Suppose -d = -4*h - 26, -78 = -3*d - h + 5*h. Suppose -k + 36 = d. Suppose -778 - 732 = -k*i. List the prime factors of i.
151
Let d(m) = -7*m**3 - 3*m**2 - m + 3. Let r be d(-2). Let o = -42 + r. Suppose 0 = -2*f + o*f - 210. What are the prime factors of f?
2, 3, 7
Suppose 14*q = -5*q + 3743. Let i = 291 - q. What are the prime factors of i?
2, 47
Let w = -244 - -5613. List the prime factors of w.
7, 13, 59
Suppose n = -32*m + 31*m + 1423, 6 = 2*n. List the prime factors of m.
2, 5, 71
Suppose 9 = -9*n + 18*n. Let q be (5 + -4)/(0 - (0 - n)). Let v(g) = 158*g**2 + 4*g - 4. What are the prime factors of v(q)?
2, 79
Let k be (-2)/(-10) + 19/(380/2856). Let c = 169 + k. What are the prime factors of c?
2, 3, 13
Let x(t) = 5*t**3 - 2*t**2 - 11*t - 4. Let w be x(-5). Let m = -332 - w. Suppose 83 = 3*p - m. What are the prime factors of p?
5
Suppose -3*t + a - 2 = 38, -2*a = 5*t + 85. Let z be (-1*2)/(t/30). What are the prime factors of 30/(-8)*(-9 - (z + -1))?
3, 5
Suppose 7*y - 4*v - 379467 = 209829, 4*v = -y + 84176. List the prime factors of y.
2, 17, 619
Let n be (-9441)/(-6) + 5/10. Let c = n + -719. Suppose -6 = -3*w, -3*w = -5*y - 271 + c. What are the prime factors of y?
2, 59
Suppose -u + 1145 + 406 = 4*a, 5*a = -5*u + 1950. Suppose -a*v + 392*v = 5950. List the prime factors of v.
2, 5, 7, 17
Suppose 4*p = 4*t + 30184, 3*t + 4661 = 4*p - 25519. List the prime factors of p.
2, 3, 419
Suppose -8*l - 5*a = -4*l - 18, -3*a = -3*l. Suppose -3*p - 65 - 1 = -3*t, -4*t = 3*p - 116. Let r = l + t. List the prime factors of r.
2, 7
Let r be 3/(-4 - (-5)/2) - 62. What are the prime factors of ((-16)/(-6))/(r/(-9504))?
2, 3, 11
Let i be 4 + 2/11 + (-2)/11. Suppose 0 = -i*j - 4, 2*f + 4*j - 468 = 0. Suppose 3*g - 91 = f. What are the prime factors of g?
109
Suppose 5*f - 15*x + 13*x = 3025, 3*x - 3000 = -5*f. Let m = -309 + f. What are the prime factors of m?
2, 3, 7
Suppose 4 = -u + w, 3*w - 8 = u + w. Suppose 0*q + 7*q = u. Suppose -r - 9 + 38 = q. List the prime factors of r.
29
Let n(t) = 3*t**3 - 12*t**2 - 9*t + 2. List the prime factors of n(14).
2, 1439
Suppose -y + 13835 = v, -41513 = -3*y - 184*v + 185*v. What are the prime factors of y?
101, 137
Let a(t) = t + 8. Let b be a(-2). Let o(d) = 2*d - 10. Let v be o(b). Suppose -94 = -4*y + v*y. List the prime factors of y.
47
Let h = -65 - -76. Suppose -1078 = 4*b - h*b. Suppose 0 = -3*a + 287 + b. What are the prime factors of a?
3, 7
Let v = -9438 + 13466. What are the prime factors of v?
2, 19, 53
Suppose -19*x + 96 = -13*x. Suppose 0 = -x*a + 26*a - 4510. What are the prime factors of a?
11, 41
Let n(b) = -b**2 + 4*b + 7. Let h be n(5). What are the prime factors of (h/3)/(18/(-27))*-253?
11, 23
Suppose 35 = -m - 2*i, -i + 50 = -m - 0*i. Let l = m - -33. List the prime factors of l*-4*4/24.
2
What are the prime factors of (-134156)/(-28) + 6/(-21)?
3, 1597
Let k = 26 + -14. Let z(p) = p**3 - 14*p**2 + 24*p + 8. Let b be z(k). Suppose 0 = -b*y + 12*y - 340. List the prime factors of y.
5, 17
Let w(r) = 5*r - 14*r - 2*r**2 + 19 + r**2. Let h be w(-9). Suppose -o + 139 = h. List the prime factors of o.
2, 3, 5
List the prime factors of (-123 - 0)*-1196*(-2)/(-12).
2, 13, 23, 41
Let p be (9744/315 - (-2)/3)*-5. Let b = 290 + p. List the prime factors of b.
2, 3, 11
Let q = 758 + -758. Suppose 5*n - 3418 - 397 = q. List the prime factors of n.
7, 109
Let s(c) = c - 1. Suppose -g + 4*d - 19 = 0, -g - 5 = -d - 1. Let r be s(g). Suppose 2*n + k - 55 = r, 2*n + 2*k = -k + 57. List the prime factors of n.
3
Let k(j) = 17*j**2 + 65*j - 8*j**2 + 936 - 7*j**2 - 73*j. List the prime factors of k(0).
2, 3, 13
Let v = -180 - -209. Let g(b) = 23*b - 192. List the prime factors of g(v).
5, 19
Let o be ((-1)/(-2))/((-1)/212). Let s = 247 + -272. Let a = s - o. What are the prime factors of a?
3
Suppose 2*b - 7*b - 3*y = 7, 5*y - 5 = 0. Let m(c) = -386*c + 2. Let z be m(b). List the prime factors of (z/(-63))/((-2)/14).
2, 43
Let i be ((-9)/(-12))/(2/8). Suppose 6*m = i*m. Suppose 0 = 3*s - 0*s - 5*v - 276, m = -s - v + 84. What are the prime factors of s?
3, 29
Let r(j) = -j**3 - j**2 - j + 1. Let p(y) = -3*y**3 - 15*y**2 + 17*y + 24. Let m(a) = -p(a) + 2*r(a). Let q = 34 + -48. List the prime factors of m(q).
2, 3
Let d = -6 - -13. Suppose -l + d = -4. Suppose -15 = 6*n - l*n. What are the prime factors of n?
3
Let f be 5*(2 - 1) + 41 + -27. Suppose f*u - 13808 = 7643. What are the prime factors of u?
1129
Let o = 13538 - -9340. List the prime factors of o.
2, 3, 31, 41
Suppose c - 271 = -11*f + 7*f, 5*c - f = 1397. List the prime factors of c.
3, 31
What are the prime factors of 163090/40 - 3/12?
3, 151
Let a be -2 + (-4 - -1)/3. What are the prime factors of (10/a)/((-24)/6012)?
5, 167
Suppose -3*z = -3*h - 429, -5*h = 5*z - 705 + 10. Let v = -42 + z. List the prime factors of v.
3, 11
Let u be 14 - (-12)/(-8)*2. Let c(s) = 4*s + 10. Let p be c(u). Suppose 2*o = 172 - p. What are the prime factors of o?
59
Let g = 4 + -2. Let w = -174 + -86. What are the prime factors of g*w/16*24/(-10)?
2, 3, 13
Let x = -31 - -18. Let h be (95/(-38))/(2 + x/6). Suppose -z + h = 2*b - 3, b = 2. List the prime factors of z.
2, 7
Let w = -24148 - -103099. List the prime factors of w.
3, 26317
Suppose l + 4*q = 0, -16 = 4*l + 3*q + 23. Let z be (-9)/6*2*l/9. Suppose z*o - 357 = 3*x + 178, 3*o - 401 = 2*x. List the prime factors of o.
7, 19
Let n(c) = 66*c + 11. Let h be n(2). Suppose -460 = -4*s + 4*y, -4*s = 4*y - 619 + h. What are the prime factors of s?
3, 13
What are the prime factors of -2 - 6 - (7 - (-13 - 7)*-941)?
5, 3761
Suppose 74*g = 60*g. Suppose 2*k = 5*l - 1111, g = 7*l - 4*l + 5*k - 679. List the prime factors of l.
223
Suppose -2*m + 3*h = -5411, -2*m - 459*h = -455*h - 5390. What are the prime factors of m?
37, 73
Let g be (0 - -3)/(6/4580). Suppose -93*t + 88*t = -g. List the prime factors of t.
2, 229
Let s(w) = -3*w**3 + 2*w + 4*w - 6 - 5*w**2 - 4*w. Suppose -4*x - 4 = 5*d, -5*d - 3*x = -x + 12. What are the prime factors of s(d)?
2, 7
Let a = -17516 + 39355. List the prime factors of a.
21839
Let m = 11476 - 5984. Let s = -2889 + m. Suppose -16*g + 325 = -s. List the prime factors of g.
3, 61
Suppose 4*d = 5*q + 71724, -2*d - 96*q = -100*q - 35856. What are the prime factors of d?
2, 19, 59
Suppose -48*h + 49*h = 4*j - 134075, -4*j + 134095 = 3*h. What are the prime factors of j?
2, 5, 419
Let k(x) = -x**